165 - 692. Let k = v + b. Is k prime?
False
Let n be ((-411)/5)/(0 + 1/(-5)). Suppose -10505 = 406*u - n*u. Is u a composite number?
True
Let q(m) = 8434*m**2 + 1746*m + 13883. Is q(-8) prime?
False
Suppose 3*n - 4 = 2*n + k, 5*k + 18 = 3*n. Is n - -3 - (-142551)/47 composite?
False
Let z be 7790 + -19 + (4 - -2). Suppose z = 4*v + k, -20 = 9*k - 13*k. Is v composite?
True
Suppose -2*h + 68*y + 326914 = 72*y, -490380 = -3*h - 3*y. Is h a prime number?
False
Let o be ((-17)/3)/(1/3). Let t(p) = -252*p - 86. Is t(o) a prime number?
False
Let h be (-285)/950*(-9 - 1). Suppose 3*a + 20776 + 36446 = 3*m, 0 = h*a - 15. Is m a composite number?
False
Let x = 83591 + -44040. Is x a prime number?
True
Let d = -29 - -26. Let c be (-10)/(-35) - (d - (-615)/21). Is (-10222)/c - 5*6/195 prime?
False
Let p(v) = v**3 + 7*v**2 + 9*v + 5. Let a be p(-5). Let o be 26/(-8) - a/(-40). Is (2 - o) + 6/(-2) composite?
False
Suppose 7*t - 3*t = 1840. Suppose -3492 - t = -8*l. Suppose 0 = 5*a + 59 - l. Is a prime?
False
Let b be (19/((-665)/(-476)))/((-2)/(-5)). Suppose c - b = 217. Is c prime?
True
Let d be ((-42)/56)/((-6)/104). Let s(o) = -o**3 + 17*o**2 - 22*o + 7. Is s(d) composite?
False
Suppose -231*n - 5*q + 283692 = -229*n, 4*n = q + 567406. Is n composite?
False
Suppose 22*q - 699589 - 4397745 = 0. Is q composite?
True
Let f be (36/(-8))/((-2)/(-4)). Suppose 7*t - 5*t = 2*v - 2, 4*v - 4 = 2*t. Is (t - -378 - -1)/(10 + f) composite?
False
Let g(w) = 8625*w**3 + w**2 - 2*w - 7. Is g(2) a prime number?
True
Suppose -a - 473 = 2*a - q, -5*q + 775 = -5*a. Suppose 5*v - 305 = 3*i, 53 + 50 = -i + 3*v. Let n = i - a. Is n composite?
False
Suppose -20*p = -83*p + 343422 + 144891. Is p a composite number?
True
Let s(j) = 710*j**3 - 14*j**2 - 15*j + 76. Is s(7) a prime number?
False
Let z be (16 - (0 - 3))*1. Let k(x) = x**3 - 9*x**2 - x - 12. Is k(z) a prime number?
False
Let y = 176 + -171. Let c(b) = 8*b**2 + 21. Is c(y) a prime number?
False
Suppose -127 - 28 = -31*s. Let z(k) = 537*k**2 + 30*k + 14. Is z(s) composite?
True
Let u = 8481 + -5445. Suppose -m = f - u, -15*f + 10*f = -3*m - 15188. Is f prime?
True
Suppose -5*s = 3*z - 771298, 7*z - 3*z = -4*s + 1028400. Is z prime?
False
Let a(y) = 42*y**2 - 467*y - 47. Is a(-30) composite?
True
Let z be (3 - (0 + 2))*5. Let f(j) = -j**2 + 5*j + 4. Let c be f(z). Suppose -3*d = 3*m - 2295, 5*d + c*m + 1319 - 5145 = 0. Is d prime?
False
Let h(b) = -68*b**3 - 4*b**2 - 13*b - 8. Let r be h(-3). Suppose r = w - 268. Is w composite?
False
Suppose -2*i - 62*x = -58*x - 85254, -5*x - 85317 = -2*i. Is i a composite number?
False
Suppose -3*c + 5*b - 89 = 0, 4 - 3 = b. Let y = 34 + c. Is -3 + y + 3/((-9)/(-6630)) prime?
True
Let n = -80 + 79. Is (n/(-1 - 0))/1 + 202 prime?
False
Let d(x) = 3*x + 38. Let v be d(-10). Suppose 0 = -v*j + 15295 + 17097. Is j a composite number?
False
Let g(w) = 2*w**2 + 6*w + 3. Let f be g(-4). Suppose -f*a + 3122 = -9*a. Is a composite?
True
Let u = -35 - -33. Is (2 - -2177)*((2 - -1) + u) a prime number?
True
Suppose 437*n + 51 = 440*n. Let j(v) = 65*v + 82. Is j(n) composite?
False
Suppose 3*u - 7*u = 0. Suppose 4*i - 3*d - 66702 = -u*d, 2*d = -4. Suppose 6*v = 12*v - i. Is v a prime number?
False
Let k(i) = i**2 + 9*i - 41. Let x(q) = 2*q**2 + 14*q - 61. Let z(d) = -8*k(d) + 5*x(d). Is z(-14) prime?
True
Is (14 - -406220)*((-33)/(-6))/11 a composite number?
False
Let u = 289 + -100. Suppose -203*i + u*i = -4396. Is i prime?
False
Let o be (-21)/49 + 4768/(-14). Let i = -196 - o. Is i a prime number?
False
Let t(i) = 1273*i**3 - 8*i**2 + 19*i - 19. Is t(4) a prime number?
True
Let a(u) = 52*u**3 + 12*u**2 - 224*u - 175. Is a(18) a composite number?
True
Let v be 93/(-31) - (-1 - 240). Let u = v + -153. Is u a composite number?
True
Suppose -5*c = -98*o + 95*o - 183676, -c - o + 36740 = 0. Is c prime?
False
Suppose 0 = -b - 3*b + 5*n + 49, -2*b - 2*n = -20. Let z be (-2 + -2)/(-4)*b. Suppose -17*h + 1506 = -z*h. Is h prime?
True
Let r(l) = -l**3 + 16*l**2 + 2*l - 30. Let u be r(16). Suppose -66 + u = 8*d. Is 5608/d*(-2 - -1) a prime number?
True
Let d be (1/((-2)/2))/(-1). Let v be (-3)/(1 - (-1 + d)). Is (6/(-5))/(4*v/3810) a prime number?
False
Suppose -31080 = -161*u + 4426764 + 3058763. Is u composite?
False
Suppose 171 + 9 = 5*r. Suppose -r*c = -518612 - 3424. Is c composite?
True
Is ((-5102867)/(-154))/(2*2/8) prime?
True
Suppose 0 = 4*v - 2*c + 2, -v + 5*c + 5 - 28 = 0. Let l(r) = 1252*r**3 - 5*r + 1. Is l(v) prime?
True
Let d = -9449 - -21888. Is d composite?
True
Let l(j) = 38*j + 29. Let w be l(-10). Is 78/w - (-30856)/18 composite?
True
Let b be 668/((-15)/(-5)*4/(-30)). Let n = 617 - b. Is n a prime number?
True
Let i be (-3)/(-24) - -3023*(-219)/(-24). Suppose i = 5*k - 2*j, -2*k - 6*j = -4*j - 11048. Is k a prime number?
True
Suppose -2*y + 2 = 0, -5*k - 2282 = -y - y. Is 48/k + 32530/19 - 6 a composite number?
True
Suppose -4*o - 34476 = -2524. Let c = -3441 - o. Is c composite?
False
Let d(l) = -2*l - 3. Let o be d(-3). Suppose o*a + 2*a = 450. Is -1 + (-8)/(-2) + a prime?
False
Suppose -162*q - 12881319 = 136*q - 331*q. Is q a prime number?
True
Let d be (-4 + (68/12 - 1))*21. Suppose 0 = 5*s + d - 29. Suppose 0 = -s*u - u + 1012. Is u composite?
True
Suppose 46*k + 12275554 = 132*k. Is k a composite number?
True
Suppose -8*w - 4*w - 20 = -16*w. Suppose 0 = -2*h + 3*m + 2939, 2*h = h - 5*m + 1502. Suppose h = -g + 4*g + w*y, 483 = g - 3*y. Is g composite?
True
Let d(a) = -6*a**2 + 2*a + 9397. Let u = 300 + -300. Is d(u) a prime number?
True
Suppose -28381 = -50*i + 5569. Is i a prime number?
False
Suppose -2*i + 19*d - 21*d + 80 = 0, 3*d = -4*i + 160. Is ((-2129)/5)/(112/i - 3) a prime number?
True
Let v(f) = -15*f**3 + f**2 - 3*f - 14. Is v(-8) composite?
True
Suppose -53*z + 107*z = 1514322. Is z a composite number?
True
Suppose 3*m = -4*h + 7*m - 20, 3*m - 11 = -h. Is h/(-10) + 168453/170 a composite number?
False
Suppose 2*w + 2*w + 128 = -3*v, -5*v - w - 236 = 0. Let f be v/20*10/(-4). Suppose f*t - 6803 = 403. Is t prime?
True
Let c be (45/(-30))/(3/(-16)*2). Suppose 6*y - c - 20 = 0. Is ((-38)/y)/((-524)/(-88) + -6) a prime number?
False
Let x be 3 - (2/((-4)/6) + 1). Suppose v - x*d = -203, 3*v = -2*v + d - 1063. Let c = v + 607. Is c a prime number?
False
Let d = -412 - -401. Let z(k) = -51*k**2 + 23*k + 20. Let w(f) = -17*f**2 + 8*f + 7. Let p(n) = 11*w(n) - 4*z(n). Is p(d) a prime number?
False
Suppose 22*s - 24*s = 70. Let x = s - -65. Suppose x*u + 7204 = 34*u. Is u composite?
False
Let z(n) = -5924*n**3 - n**2 - 2*n - 2. Let c be z(-2). Suppose -8*g + c = 2*g. Is g a composite number?
True
Let u be 77352/80 + (-2)/(-20). Suppose u = 9*y - 8*y. Is y a prime number?
True
Let r be 0*((-12)/(-8) + -1) - 2. Is 851 + -15 - -1*(r + -3) composite?
True
Let z be (36 + 12)*(-143)/(-2). Let d = -2033 + z. Is d a composite number?
False
Is (-161578)/(-6)*6/(14/7) composite?
False
Let p = -49 + 49. Let a be (-92 + p)/((-2 + 1)*1). Suppose -a = r - 247. Is r a prime number?
False
Let n = 364 + -367. Is (-523 + n)*(-3 + 6/4) a composite number?
True
Let c(m) = -320*m**2 + 3*m + 16127. Is c(0) a composite number?
False
Let x(l) = 81*l**2 + 8 + 4*l + 86*l**2 + 2 - 4. Let k be x(-2). Let b = 7 + k. Is b composite?
False
Suppose 0 = 2*f + 6*f + 224. Let i = f + 32. Suppose 5*k - 3363 = -3*n, -i*n = 2*k - 2218 - 2280. Is n composite?
True
Suppose 164607 = 2*l + 5*w, 3*l + w - 353446 = -106542. Is l a prime number?
True
Let l(x) = 10*x - 114. Let j be l(11). Is 3/j - ((-121511)/52 - -3) a prime number?
True
Let q be (-286)/(-24) + (-3)/(-36). Suppose -3*r - 4*s = -1153, s = 4*s - q. Is r a composite number?
False
Is -41 + 238323 + (-3 - (-9 - 3)) a composite number?
False
Suppose 0 = -3*l + 5*q - 479920 + 2078043, 8523382 = 16*l + 3*q. Is l composite?
True
Let y = -2096 - -4626. Suppose 2*f - 12*f + y = 0. Suppose -u - f - 66 = -4*a, 5*a - 410 = 5*u. Is a a composite number?
False
Let j = -1511 + 4473. Suppose 2*b - 2*h = -5874, 0*b - j = b + 4*h. Is b/(-1) + -5 + 2 prime?
True
Let v(y) = 33*y**3 + 23*y**2 - 210*y + 33. Is v(16) composite?
True
Let w = 17019 - 11768. Is w a composite number?
True
Let l(f) = -15*f**3 - 2*f - 1. Let y be l(-1). Is y/40*(-13045)/(-2) a prime number?
T